{"id":20,"date":"2013-07-01T20:56:13","date_gmt":"2013-07-01T18:56:13","guid":{"rendered":"http:\/\/wptest.ferienverbindung-noerdlingen.de\/?page_id=20"},"modified":"2025-07-27T00:54:50","modified_gmt":"2025-07-26T22:54:50","slug":"uber-uns","status":"publish","type":"page","link":"https:\/\/www.ferienverbindung-noerdlingen.de\/","title":{"rendered":"\u00dcber uns"},"content":{"rendered":"<div id=\"attachment_21\" style=\"width: 191px\" class=\"wp-caption alignright\"><a href=\"http:\/\/www.ferienverbindung-noerdlingen.de\/wp-content\/uploads\/2013\/07\/wappen_kl.gif\"><img loading=\"lazy\" decoding=\"async\" aria-describedby=\"caption-attachment-21\" class=\"size-full wp-image-21\" src=\"http:\/\/www.ferienverbindung-noerdlingen.de\/wp-content\/uploads\/2013\/07\/wappen_kl.gif\" alt=\"Wappen\" width=\"181\" height=\"190\" \/><\/a><p id=\"caption-attachment-21\" class=\"wp-caption-text\">Wappen der Ferienverbindung N\u00f6rdlingen<\/p><\/div>\n<p>&nbsp;<\/p>\n<p>Die Ferienverbindung N\u00f6rdlingen ist die Sch\u00fclerverbindung des Theodor-Heuss-Gymnasiums N\u00f6rdlingen.<\/p>\n","protected":false},"excerpt":{"rendered":"<p>&nbsp; Die Ferienverbindung N\u00f6rdlingen ist die Sch\u00fclerverbindung des Theodor-Heuss-Gymnasiums N\u00f6rdlingen.<\/p>\n","protected":false},"author":1,"featured_media":0,"parent":0,"menu_order":0,"comment_status":"closed","ping_status":"closed","template":"","meta":{"footnotes":""},"class_list":["post-20","page","type-page","status-publish","hentry"],"_links":{"self":[{"href":"https:\/\/www.ferienverbindung-noerdlingen.de\/index.php?rest_route=\/wp\/v2\/pages\/20","targetHints":{"allow":["GET"]}}],"collection":[{"href":"https:\/\/www.ferienverbindung-noerdlingen.de\/index.php?rest_route=\/wp\/v2\/pages"}],"about":[{"href":"https:\/\/www.ferienverbindung-noerdlingen.de\/index.php?rest_route=\/wp\/v2\/types\/page"}],"author":[{"embeddable":true,"href":"https:\/\/www.ferienverbindung-noerdlingen.de\/index.php?rest_route=\/wp\/v2\/users\/1"}],"replies":[{"embeddable":true,"href":"https:\/\/www.ferienverbindung-noerdlingen.de\/index.php?rest_route=%2Fwp%2Fv2%2Fcomments&post=20"}],"version-history":[{"count":8,"href":"https:\/\/www.ferienverbindung-noerdlingen.de\/index.php?rest_route=\/wp\/v2\/pages\/20\/revisions"}],"predecessor-version":[{"id":174,"href":"https:\/\/www.ferienverbindung-noerdlingen.de\/index.php?rest_route=\/wp\/v2\/pages\/20\/revisions\/174"}],"wp:attachment":[{"href":"https:\/\/www.ferienverbindung-noerdlingen.de\/index.php?rest_route=%2Fwp%2Fv2%2Fmedia&parent=20"}],"curies":[{"name":"wp","href":"https:\/\/api.w.org\/{rel}","templated":true}]}}

Über uns

<div id="attachment_21" style="width: 191px" class="wp-caption alignright"><a href="http://www.ferienverbindung-noerdlingen.de/wp-content/uploads/2013/07/wappen_kl.gif"><img loading="lazy" decoding="async" aria-describedby="caption-attachment-21" class="size-full wp-image-21" src="http://www.ferienverbindung-noerdlingen.de/wp-content/uploads/2013/07/wappen_kl.gif" alt="Wappen" width="181" height="190" /></a><p id="caption-attachment-21" class="wp-caption-text">Wappen der Ferienverbindung Nördlingen</p></div>
<p>&nbsp;</p>
<p>Die Ferienverbindung Nördlingen ist die Schülerverbindung des Theodor-Heuss-Gymnasiums Nördlingen.</p>

<p>&nbsp; Die Ferienverbindung Nördlingen ist die Schülerverbindung des Theodor-Heuss-Gymnasiums Nördlingen.</p>
